p) be the third derivative of p**5/30 + p**4/24 + p**3/3 - 8*p**2. Give j(r).
12
Let a(h) be the first derivative of h**5/60 - 19*h**2/2 - 25. Let r(b) be the second derivative of a(b). Give r(2).
4
Let q(f) = -9443*f**2 + 4723*f**2 + 2*f + 0*f - 9 + 4719*f**2. Determine q(8).
-57
Let c(s) be the third derivative of -13*s**6/720 + 5*s**4/8 + s**2. Let k(m) be the second derivative of c(m). Give k(1).
-13
Suppose -891 = 7*q - 863. Let o(l) = -l**3 - 4*l**2 - 5*l - 7. Give o(q).
13
Let n be 3 - ((-6)/2 + 3). Let d(c) = -3*c - 3. Let m be d(-2). Let q(g) = 4 - 3*g**3 + 0*g**3 + 4*g**3 - m*g**2. What is q(n)?
4
Let c(f) = f**3 - 3*f**2 + f - 3. Let x = -119 + 122. Calculate c(x).
0
Let i(f) = -f**3 - 4*f**2 + 5*f - 6. Suppose 4*d = 3*d + 3. Suppose -1 = d*u - 73. Suppose 4 - u = 3*v - 5*p, 5*v + 24 = -p. Determine i(v).
-6
Let c(y) = -3*y + 3. Let w(q) = -4*q - 30. Let u(b) = -2*c(b) + w(b). Calculate u(13).
-10
Let z be (-6)/(-4)*(-13 - -19). Let s be z/9*(0 + 1). Let d(r) = -7*r - 4. Let x(o) = 22*o + 11. Let w(c) = -11*d(c) - 4*x(c). What is w(s)?
-11
Let g(h) = h - 5. Let s be 5 - -4*3/(-6). Suppose -k - s = y + 1, -y - 4 = 3*k. Let b be (y/6)/((-6)/54). Calculate g(b).
1
Let c(p) = 3*p + 1. Let v be (-123)/(-39) - 4/26 - 2. Calculate c(v).
4
Let t = -796 - -793. Let x(q) = 2*q**2 + 6*q + 6. Give x(t).
6
Let f(q) = 4 + q - 4 + 1. Suppose -r + 4*j = 8*j - 7, -5*r - 3*j + 18 = 0. Calculate f(r).
4
Let z(w) = -16*w + 2. Let i be z(0). Let j(m) = -3*m**2 - 3*m**2 - m + m**3 + 1 + 4*m**2 + 0*m. Give j(i).
-1
Suppose -2*n + v = -54, -v = 3*n - 3*v - 79. Let y = n + -24. Let w(k) = -k - 1. Give w(y).
-6
Let k(u) be the second derivative of 0*u**2 + 1/3*u**3 + 1/24*u**4 + 1/60*u**6 + u + 0 + 0*u**5. Let t(m) be the second derivative of k(m). Calculate t(1).
7
Suppose 0 = 5*j - 15, 11*j - 6*j = 2*s + 3. Let b(z) = -z**2 + 8*z + 5. Calculate b(s).
17
Let v(n) = 11*n**3 + 22*n**2 + 10*n - 16. Let k(l) = -3*l**3 - 7*l**2 - 4*l + 5. Let b(g) = 7*k(g) + 2*v(g). Let f = 3 + 3. Give b(f).
-9
Let j = 1123 + -1116. Let z(i) = 2*i**2 - 11*i - 3. Determine z(j).
18
Let o(a) = 2*a. Let v(l) = -l**3 + 5*l**2 - 5*l + 6. Let n be v(4). Suppose 0 = -n*y + 6*y - 76. Let r = y - 18. Calculate o(r).
2
Let p(i) = -i**3 - 10*i**2 - 9*i + 2. Let x be p(-9). Let v(h) = 1 - 25 + 9 - x*h. Calculate v(-10).
5
Let f(m) = 2*m + 7. Let n = 54 + -55. Let q be ((-24)/4)/6*(6 + n). What is f(q)?
-3
Let a(s) = 1 + 4 - 6 + s**2 + 16*s**3. Suppose 0 = w + 4*u - 0*u - 9, 0 = 4*w - u - 2. Give a(w).
16
Let r(m) = m**3 - m**2 - 1. Let c(v) = 13*v**3 + 12*v**3 - 5*v**2 - 4*v**3 - 6*v**3 - 4. Let y(z) = -c(z) + 5*r(z). Calculate y(-1).
9
Suppose 2*v - 8 + 0 = 0. Let c(i) = -1 - 5*i - 3*i + 5*i + 5*i. Calculate c(v).
7
Let n(w) = 2*w**2 - w - 2. Let b(z) = -7*z**2 + 12*z + 9. Let s(m) = -b(m) - 4*n(m). Give s(-5).
14
Let d(h) = h - 4. Let x(r) be the second derivative of r**5/20 + 3*r**4/4 + 7*r**3/6 - r**2/2 - 9*r. Let n be x(-8). Calculate d(n).
3
Suppose z - 24 = -4*w, -2*w = 3*z + 2 - 24. Suppose -2*x - z = -o - 2, 6 = 3*o + 5*x. Let v(b) = -3 - o*b**2 - 2*b**2 + 3*b**2 - 6*b + 3*b. Calculate v(-4).
-7
Let v(d) = d - 17. Suppose 0 = -23*u - 101 + 515. Determine v(u).
1
Let h(r) = 8*r - 53. Let z be h(7). Let f(y) be the first derivative of -2/3*y**z + y + 2*y**2 + 4. Give f(3).
-5
Let f(m) = 11*m**3 - m**2 - 3*m + 3. Let u(o) = -13*o**3 + 2*o**2 + 4*o - 4. Let c(z) = -6*f(z) - 5*u(z). Give c(-2).
-2
Let g(u) = -3*u - 2*u - 2 + u**2 + 3*u. Let i be (9/(-18))/((72/(-32))/(-9)). Calculate g(i).
6
Let v(k) = k**3 + 8*k**2 + 9*k + 7. Suppose 85 = -23*h - 53. Give v(h).
25
Let p = -36 - -40. Let a = -6 + 12. Let z(y) = 1 + 8*y - a*y - y. Calculate z(p).
5
Let d(b) = 39*b + 0 - 37*b + 0 + 2. Let n be (3 + 0)*2/3. Suppose -5*k + 6 = -n*k. Calculate d(k).
6
Let g be 0/(-3)*(-12)/60. Let t(n) = 7 + 0*n**2 + 0*n**2 - n - n**2. Determine t(g).
7
Let j(g) = g**2 + 3 - 174*g + 186*g + 0. Determine j(-11).
-8
Let a(w) = -w**3 + 3*w**2 - 4*w + 4. Suppose 5*d + 25 = 5*j, 0 = -5*j + j - 3*d - 15. Suppose 0 = 3*p - j*p - 9. Calculate a(p).
-8
Let a(q) = 3*q**2 - 4*q + 3. Let z(w) = 4*w**2 - 10*w + 7. Let v(b) = -5*a(b) + 2*z(b). What is v(1)?
-8
Let r(a) = -8*a + 35. Suppose -3*d - 15*w + 18*w = -21, 3 = d + w. What is r(d)?
-5
Let y(w) = 18*w - 46. Let t be y(3). Let o(a) = a**2 - 9*a + 1. What is o(t)?
-7
Suppose -g = -l - 1 - 2, -2*g = 4*l - 12. Let r(h) = -1 + h + 10 + l - 1. What is r(0)?
9
Let b(h) = -h + 1. Let v be b(-1). Let g(l) = l - l**3 - 4 - 2*l**2 + l**v + 5*l**2 + 2*l**3. Determine g(-3).
2
Let d(r) = -r**2 - 3*r + 4. Suppose -21*l = 9*l + 150. Give d(l).
-6
Suppose 9 = s + 3. Let q(w) be the second derivative of -w**5/120 + w**4/3 + w**3 - 7*w. Let c(h) be the second derivative of q(h). Determine c(s).
2
Let v(m) be the third derivative of -m**5/40 - m**4/6 + m**3/2 - 2*m**2. Let y(r) be the first derivative of v(r). Suppose -j = 4*j + 20. Give y(j).
8
Suppose -26*j = -34 - 70. Let a(r) = r**3 - r**2. Let f(x) = -3*x**3 - x**2 + 4*x - 3. Let q(w) = -4*a(w) - f(w). Calculate q(j).
3
Suppose -3*b - 5*a + 30 = 0, b + a = -3*a + 17. Let f(y) be the first derivative of 3*y**2/2 - 4*y - 2. Calculate f(b).
11
Let c(m) be the first derivative of -m**3/3 - 11*m**2/2 - 15*m - 25. Let x be (-129)/15 + (-4)/10. Let s be c(x). Let p(j) = 2*j**2 - 4*j + 1. Calculate p(s).
7
Let k = -219 + 204. Let d(s) = s**3 + 16*s**2 + 14*s - 8. What is d(k)?
7
Suppose 5*w + 26 = j, -j + w = j - 7. Let i(q) = -3*q**2 - j + 2 + 0*q**2 + 0. Give i(-1).
-2
Let t(o) be the second derivative of o**4/12 - o**3/2 + 9*o**2/2 - o + 44. Give t(6).
27
Let h(r) = 2*r - 6. Let k = -231 - -224. Calculate h(k).
-20
Let z(d) be the second derivative of -d**4/12 - d**3/3 - 2*d**2 - 355*d. Calculate z(6).
-52
Let o(f) = 44*f + 2. Suppose -14 = -2*j - 16. What is o(j)?
-42
Let c(r) = 14*r - 2. Let x be -4 + 0 + (14 - (0 - -2)). Let i(g) = -2*g**2 + 4*g - 3. Let j be i(2). Let o(u) = 5*u - 1. Let m(p) = j*c(p) + x*o(p). Give m(-3).
4
Let q be (0 + (4 - 5))*-4. Suppose -q*z + 83 = 5*d, d = 5*z - z - 113. Suppose -2*n = 3*m - z, 6 = n + n. Let b(g) = g**3 - 7*g**2 - 4. Give b(m).
-4
Let p(w) = w**2 + 3*w + 2. Let s be p(-2). Let b(f) be the first derivative of -f**2 + s + 2*f + 5 + 3 - f. Calculate b(2).
-3
Suppose 10*d - 11 = 39. Let b(p) = -12*p**2 + 2 + d*p + 27*p**2 + p**3 - 11*p**2. What is b(-3)?
-4
Let r be 30/(-10) - 3 - 7. Let x(k) = -4*k + 9. Give x(r).
61
Suppose 1 = 3*g - 8. Suppose -4 = -2*z - 3*w, g*z - 2*w + w - 17 = 0. Let p(d) = d**2 - 3*d. Calculate p(z).
10
Suppose -19 = 3*i + 8. Let k(x) = -455*x + 5*x**2 + 904*x - 8 - 6*x**2 + 0*x**2 - 458*x. Calculate k(i).
-8
Suppose 4*q + 20 = 5*l, -5*q + 4*l - 10 - 6 = 0. Let m(d) = 3 + q - d + 5. Determine m(6).
2
Let k(v) = -2*v + 13. Let r be (38/4 + -2)/((-18)/(-24)). What is k(r)?
-7
Let f(t) = -2*t**2 + 43*t + 12. Let u(s) = -3*s**2 + 63*s + 18. Let l(p) = -7*f(p) + 5*u(p). What is l(13)?
19
Suppose -3*w = -7 + 25. Let x(j) = -123 + 52 + 2*j**3 + 4*j + 62 - 10*j**2. Let b(m) = -4*m**3 + 19*m**2 - 8*m + 17. Let k(d) = w*b(d) - 11*x(d). What is k(2)?
5
Let j(u) be the third derivative of -1/6*u**3 - 7/60*u**5 + 0*u - 1/120*u**6 - 3*u**2 + 0 - 1/4*u**4. Determine j(-6).
-1
Let r(i) = -i**3 - 18*i**2. Suppose h + 56 = -3*v, -28 = -h - 30. Calculate r(v).
0
Let u(q) = 6*q - 1. Suppose 2 = -9*v + 11. What is u(v)?
5
Let r(b) be the second derivative of b**5/20 + b**4/4 - 13*b**3/6 - 7*b**2/2 + 533*b. Calculate r(-5).
8
Let v(b) = b**2 - 1. Let k(d) = 13*d + 13 + 6*d - d**2 - 27*d. Let u be k(-9). Suppose u*y = -2 + 14. Calculate v(y).
8
Let w(f) = -12*f + 1. Let x = -7 + 6. Let i be w(x). Suppose -3*r = i - 4. Let u(j) = -j. What is u(r)?
3
Let y(w) = -w**3 + w - 258*w**2 - 20 - 256*w**2 + 513*w**2. What is y(0)?
-20
Let l be 4*1/2 + 0. Let r(w) be the second derivative of -1/3*w**3 - w**2 + 5*w + 0. Calculate r(l).
-6
Let d(i) = -16*i**2 + 16*i + 10. Let r(k) = -3*k**2 + 3*k + 2. Let v(t) = 2*d(t) - 11*r(t). Give v(0).
-2
Suppose 204 = 23*p - 11*p. Let x(v) = -v**3 + 16*v**2 + 16*v + 12. Calculate x(p).
-5
Let h = -3 + 0. Let j(w) = 4*w - 4*w + 2 - 3*w - 8 + 2. Calculate j(h).
5
Let v(h) be the first derivative of h**4/4 + h**3 + h**2/2 - 3*h - 412. Calculate v(-3).
-6
Let p(a